{"id":22,"date":"2012-04-09T19:34:22","date_gmt":"2012-04-09T19:34:22","guid":{"rendered":"http:\/\/www.mubgmbh.de\/?page_id=22"},"modified":"2016-01-01T19:44:17","modified_gmt":"2016-01-01T19:44:17","slug":"drehen","status":"publish","type":"page","link":"https:\/\/www.mubgmbh.de\/?page_id=22","title":{"rendered":"Drehen"},"content":{"rendered":"<h2 style=\"text-align: center;\"><span style=\"color: #c0c0c0;\"><strong>Die Dreherei ist mit 3 CNC- und\u00a03 konventionellen Maschinen ausgestattet<\/strong>.<\/span><\/h2>\n<p>&nbsp;<\/p>\n<h2><span style=\"color: #c0c0c0;\">DMG MORI CTX beta 800<\/span>            \n\t\t<div class=\"ngg-gallery-singlepic-image \" style=\"max-width: 320px\">\n\t\t\t    \t<a href=\"https:\/\/www.mubgmbh.de\/wp-content\/gallery\/drehen-3\/ctx_beta_800.jpg\"\n\t\t     title=\"\"\n             data-src=\"https:\/\/www.mubgmbh.de\/wp-content\/gallery\/drehen-3\/ctx_beta_800.jpg\"\n             data-thumbnail=\"https:\/\/www.mubgmbh.de\/wp-content\/gallery\/drehen-3\/thumbs\/thumbs_ctx_beta_800.jpg\"\n             data-image-id=\"133\"\n             data-title=\"ctx_beta_800\"\n             data-description=\"\"\n             target='_self'\n             class=\"ngg-simplelightbox\" rel=\"247e9934cdcac850930cb9b6f762f1ce\">\n            <img class=\"ngg-singlepic\"\n             src=\"https:\/\/www.mubgmbh.de\/wp-content\/gallery\/drehen-3\/cache\/ctx_beta_800.jpg-nggid03133-ngg0dyn-320x240x100-00f0w010c010r110f110r010t010.jpg\"\n             alt=\"ctx_beta_800\"\n             title=\"ctx_beta_800\"\n              width=\"320\"               \/>\n    \t<\/a>\n\t\t      <\/div>\n        <\/h2>\n<ul>\n<li><span style=\"color: #999999;\">Max \u00d8 = 390mm<\/span><\/li>\n<li><span style=\"color: #999999;\">Max L = 800<\/span><\/li>\n<li><span style=\"color: #999999;\">Max Spindel \u00d8 = 76mm<\/span><\/li>\n<li><span style=\"color: #999999;\">Mit Gegenspindel<\/span><\/li>\n<li><span style=\"color: #999999;\">C und Y-Achse auf beiden Spindeln.<\/span><\/li>\n<li><span style=\"color: #999999;\">12 Angetriebene Werkzeuge mit Direktantrib bis 10000 U\/min<\/span><\/li>\n<\/ul>\n<p><span style=\"color: #999999;\">\u00a0<\/span><\/p>\n<p>&nbsp;<\/p>\n<h2><span style=\"color: #c0c0c0;\"><strong>Haas SL30\u00a0\u00a0\u00a0\u00a0\u00a0\u00a0\u00a0\u00a0\u00a0\u00a0\u00a0\u00a0\u00a0\u00a0\u00a0\u00a0\u00a0\u00a0 <\/strong><\/span>            \n\t\t<div class=\"ngg-gallery-singlepic-image \" style=\"max-width: 320px\">\n\t\t\t    \t<a href=\"https:\/\/www.mubgmbh.de\/wp-content\/gallery\/drehen1\/sl30_rc.jpg\"\n\t\t     title=\"Haas SL 30\"\n             data-src=\"https:\/\/www.mubgmbh.de\/wp-content\/gallery\/drehen1\/sl30_rc.jpg\"\n             data-thumbnail=\"https:\/\/www.mubgmbh.de\/wp-content\/gallery\/drehen1\/thumbs\/thumbs_sl30_rc.jpg\"\n             data-image-id=\"13\"\n             data-title=\"Haas SL 30\"\n             data-description=\"Haas SL 30\"\n             target='_self'\n             class=\"ngg-simplelightbox\" rel=\"f49db1fcad74583d4934d2f531cba89e\">\n            <img class=\"ngg-singlepic\"\n             src=\"https:\/\/www.mubgmbh.de\/wp-content\/gallery\/drehen1\/cache\/sl30_rc.jpg-nggid0213-ngg0dyn-320x240x100-00f0w010c010r110f110r010t010.jpg\"\n             alt=\"Haas SL 30\"\n             title=\"Haas SL 30\"\n              width=\"320\"               \/>\n    \t<\/a>\n\t\t      <\/div>\n        <\/h2>\n<ul>\n<li><span style=\"color: #c0c0c0;\">Max \u00d8 = 380mm<\/span><\/li>\n<li><span style=\"color: #c0c0c0;\">Max L = 800mm<\/span><\/li>\n<li><span style=\"color: #c0c0c0;\">Max Spindel \u00d8 = 76mm<\/span><\/li>\n<li><span style=\"color: #c0c0c0;\">12 Werkzeuge<\/span><\/li>\n<\/ul>\n<h2><\/h2>\n<h2><\/h2>\n<h2><span style=\"color: #c0c0c0;\"><strong>Gildemeister CTX 400 Serie 2            \n\t\t<div class=\"ngg-gallery-singlepic-image \" style=\"max-width: 320px\">\n\t\t\t    \t<a href=\"https:\/\/www.mubgmbh.de\/wp-content\/gallery\/drehen1\/gildemeister_ctx_400.jpg\"\n\t\t     title=\"Gildemeister CTX 400 Serie 2\"\n             data-src=\"https:\/\/www.mubgmbh.de\/wp-content\/gallery\/drehen1\/gildemeister_ctx_400.jpg\"\n             data-thumbnail=\"https:\/\/www.mubgmbh.de\/wp-content\/gallery\/drehen1\/thumbs\/thumbs_gildemeister_ctx_400.jpg\"\n             data-image-id=\"12\"\n             data-title=\"Gildemeister CTX 400 Serie 2\"\n             data-description=\"Gildemeister CTX 400 Serie 2\"\n             target='_self'\n             class=\"ngg-simplelightbox\" rel=\"6879fd2a403370155adf3dc33e39c199\">\n            <img class=\"ngg-singlepic\"\n             src=\"https:\/\/www.mubgmbh.de\/wp-content\/gallery\/drehen1\/cache\/gildemeister_ctx_400.jpg-nggid0212-ngg0dyn-320x240x100-00f0w010c010r110f110r010t010.jpg\"\n             alt=\"Gildemeister CTX 400 Serie 2\"\n             title=\"Gildemeister CTX 400 Serie 2\"\n              width=\"320\"               \/>\n    \t<\/a>\n\t\t      <\/div>\n        <\/strong><\/span><\/h2>\n<ul>\n<li><span style=\"color: #c0c0c0;\">Max \u00d8 = 240mm<\/span><\/li>\n<li><span style=\"color: #c0c0c0;\">Max L = 600mm<\/span><\/li>\n<li><span style=\"color: #c0c0c0;\">Max Spindel \u00d8 = 65mm<\/span><\/li>\n<li><span style=\"color: #c0c0c0;\">12 Werkzeuge davon 6 angetrieben<\/span><\/li>\n<\/ul>\n<p>&nbsp;<\/p>\n<p>&nbsp;<\/p>\n<h2><span style=\"color: #c0c0c0;\"><strong>VDF<\/strong><\/span><\/h2>\n<ul>\n<li><span style=\"color: #c0c0c0;\">Max \u00d8 = 450mm<\/span><\/li>\n<li><span style=\"color: #c0c0c0;\">Max L = 1100mm<\/span><\/li>\n<li><span style=\"color: #c0c0c0;\">Max Spindel \u00d8 = 50mm<\/span><\/li>\n<\/ul>\n<p>&nbsp;<\/p>\n<p>&nbsp;<\/p>\n<h2><span style=\"color: #c0c0c0;\"><strong>Weiler<\/strong><\/span><\/h2>\n<ul>\n<li><span style=\"color: #c0c0c0;\">Max \u00d8 = 300mm<\/span><\/li>\n<li><span style=\"color: #c0c0c0;\">Max L = 1000mm<\/span><\/li>\n<li><span style=\"color: #c0c0c0;\">Max Spindel \u00d8 = 48mm<\/span><\/li>\n<\/ul>\n<p>&nbsp;<\/p>\n<p>&nbsp;<\/p>\n<h2><span style=\"color: #c0c0c0;\"><strong>Schaublin<\/strong><\/span><\/h2>\n<ul>\n<li><span style=\"color: #c0c0c0;\">Max \u00d8 = 200mm<\/span><\/li>\n<li><span style=\"color: #c0c0c0;\">Max L = 500mm<\/span><\/li>\n<li><span style=\"color: #c0c0c0;\">Max Spindel \u00d8 = 30mm<\/span><\/li>\n<\/ul>\n<p>&nbsp;<\/p>\n<p>&nbsp;<\/p>\n<h2><span style=\"color: #c0c0c0;\"><strong>\u00a0<\/strong><\/span><\/h2>\n<p><span style=\"color: #c0c0c0;\">\u00a0<\/span><\/p>\n","protected":false},"excerpt":{"rendered":"<p>Die Dreherei ist mit 3 CNC- und\u00a03 konventionellen Maschinen ausgestattet. &nbsp; DMG MORI CTX beta 800 Max \u00d8 = 390mm Max L = 800 Max Spindel \u00d8 = 76mm Mit Gegenspindel C und Y-Achse auf beiden Spindeln. 12 Angetriebene Werkzeuge mit Direktantrib bis 10000 U\/min \u00a0 &nbsp; Haas SL30\u00a0\u00a0\u00a0\u00a0\u00a0\u00a0\u00a0\u00a0\u00a0\u00a0\u00a0\u00a0\u00a0\u00a0\u00a0\u00a0\u00a0\u00a0 Max \u00d8 = 380mm Max L = 800mm Max Spindel \u00d8 = 76mm 12 Werkzeuge Gildemeister CTX 400 Serie 2 Max \u00d8 = 240mm Max L = 600mm Max Spindel \u00d8 = 65mm 12 Werkzeuge davon 6 angetrieben &nbsp; &nbsp; VDF Max \u00d8 = 450mm Max L = 1100mm Max Spindel \u00d8 = 50mm &nbsp; &nbsp; Weiler Max \u00d8 = 300mm Max L = 1000mm Max Spindel \u00d8 = 48mm &nbsp; &nbsp; Schaublin Max \u00d8 = 200mm Max L = 500mm Max Spindel \u00d8 = 30mm &nbsp; &nbsp; \u00a0 \u00a0<\/p>\n","protected":false},"author":1,"featured_media":0,"parent":12,"menu_order":100,"comment_status":"closed","ping_status":"closed","template":"","meta":{"ngg_post_thumbnail":0},"_links":{"self":[{"href":"https:\/\/www.mubgmbh.de\/index.php?rest_route=\/wp\/v2\/pages\/22"}],"collection":[{"href":"https:\/\/www.mubgmbh.de\/index.php?rest_route=\/wp\/v2\/pages"}],"about":[{"href":"https:\/\/www.mubgmbh.de\/index.php?rest_route=\/wp\/v2\/types\/page"}],"author":[{"embeddable":true,"href":"https:\/\/www.mubgmbh.de\/index.php?rest_route=\/wp\/v2\/users\/1"}],"replies":[{"embeddable":true,"href":"https:\/\/www.mubgmbh.de\/index.php?rest_route=%2Fwp%2Fv2%2Fcomments&post=22"}],"version-history":[{"count":21,"href":"https:\/\/www.mubgmbh.de\/index.php?rest_route=\/wp\/v2\/pages\/22\/revisions"}],"predecessor-version":[{"id":557,"href":"https:\/\/www.mubgmbh.de\/index.php?rest_route=\/wp\/v2\/pages\/22\/revisions\/557"}],"up":[{"embeddable":true,"href":"https:\/\/www.mubgmbh.de\/index.php?rest_route=\/wp\/v2\/pages\/12"}],"wp:attachment":[{"href":"https:\/\/www.mubgmbh.de\/index.php?rest_route=%2Fwp%2Fv2%2Fmedia&parent=22"}],"curies":[{"name":"wp","href":"https:\/\/api.w.org\/{rel}","templated":true}]}}