{"id":14,"date":"2012-04-09T19:39:53","date_gmt":"2012-04-09T19:39:53","guid":{"rendered":"http:\/\/www.mubgmbh.de\/?page_id=14"},"modified":"2013-04-20T15:41:47","modified_gmt":"2013-04-20T15:41:47","slug":"referenzen","status":"publish","type":"page","link":"https:\/\/www.mubgmbh.de\/?page_id=14","title":{"rendered":"Referenzen"},"content":{"rendered":"<h4 style=\"text-align: center;\"><span style=\"color: #c0c0c0;\"><strong>M&amp;B bedient viele seiner international t\u00e4tigen oder mittelst\u00e4ndischen <\/strong><\/span><\/h4>\n<h4 style=\"text-align: center;\"><span style=\"color: #c0c0c0;\"><strong>Kunden seit <\/strong><\/span><span style=\"color: #c0c0c0;\"><strong>Jahrzehnten zu deren h\u00f6chsten Zufriedenheit.<\/strong><\/span><\/h4>\n<p>&nbsp;<\/p>\n<ul>\n<li>\n<h4><span style=\"color: #c0c0c0;\">Daimler AG Werk Hamburg<\/span><\/h4>\n<\/li>\n<li>\n<h4><span style=\"color: #c0c0c0;\">Fraunhofer Institut<\/span><\/h4>\n<\/li>\n<li>\n<h4><a href=\"http:\/\/www.hzg.de\" target=\"_blank\"><span style=\"color: #c0c0c0;\">Helmholtz-Zentrum, Hamburg und Geesthacht<\/span><\/a><\/h4>\n<\/li>\n<li>\n<h4><span style=\"color: #c0c0c0;\">Philips Forschungslabor, Hamburg<\/span><\/h4>\n<\/li>\n<li>\n<h4><span style=\"color: #c0c0c0;\">Technische Universit\u00e4t, Hamburg<\/span><\/h4>\n<\/li>\n<li>\n<h4><span style=\"color: #c0c0c0;\">Germanischer Lloyd, Hamburg<\/span><\/h4>\n<\/li>\n<li>\n<h4><a href=\"http:\/\/el-cell.com\/\" target=\"_blank\"><span style=\"color: #c0c0c0;\">El-Cell GmbH<\/span><\/a><\/h4>\n<\/li>\n<\/ul>\n<h3><\/h3>\n<h3 style=\"text-align: center;\"><span style=\"color: #c0c0c0;\">und viele weitere namenhafte Firmen in Deutschland<\/span><\/h3>\n","protected":false},"excerpt":{"rendered":"<p>M&amp;B bedient viele seiner international t\u00e4tigen oder mittelst\u00e4ndischen Kunden seit Jahrzehnten zu deren h\u00f6chsten Zufriedenheit. &nbsp; Daimler AG Werk Hamburg Fraunhofer Institut Helmholtz-Zentrum, Hamburg und Geesthacht Philips Forschungslabor, Hamburg Technische Universit\u00e4t, Hamburg Germanischer Lloyd, Hamburg El-Cell GmbH und viele weitere namenhafte Firmen in Deutschland<\/p>\n","protected":false},"author":1,"featured_media":0,"parent":0,"menu_order":40,"comment_status":"closed","ping_status":"closed","template":"","meta":{"ngg_post_thumbnail":0},"_links":{"self":[{"href":"https:\/\/www.mubgmbh.de\/index.php?rest_route=\/wp\/v2\/pages\/14"}],"collection":[{"href":"https:\/\/www.mubgmbh.de\/index.php?rest_route=\/wp\/v2\/pages"}],"about":[{"href":"https:\/\/www.mubgmbh.de\/index.php?rest_route=\/wp\/v2\/types\/page"}],"author":[{"embeddable":true,"href":"https:\/\/www.mubgmbh.de\/index.php?rest_route=\/wp\/v2\/users\/1"}],"replies":[{"embeddable":true,"href":"https:\/\/www.mubgmbh.de\/index.php?rest_route=%2Fwp%2Fv2%2Fcomments&post=14"}],"version-history":[{"count":15,"href":"https:\/\/www.mubgmbh.de\/index.php?rest_route=\/wp\/v2\/pages\/14\/revisions"}],"predecessor-version":[{"id":359,"href":"https:\/\/www.mubgmbh.de\/index.php?rest_route=\/wp\/v2\/pages\/14\/revisions\/359"}],"wp:attachment":[{"href":"https:\/\/www.mubgmbh.de\/index.php?rest_route=%2Fwp%2Fv2%2Fmedia&parent=14"}],"curies":[{"name":"wp","href":"https:\/\/api.w.org\/{rel}","templated":true}]}}